 the remainder when 168 is divided by 49?
21
What is the remainder when 160 is divided by 32?
0
Calculate the remainder when 50 is divided by 39.
11
Calculate the remainder when 6847 is divided by 25.
22
Calculate the remainder when 29090 is divided by 47.
44
Calculate the remainder when 494 is divided by 71.
68
Calculate the remainder when 2416 is divided by 802.
10
What is the remainder when 241 is divided by 81?
79
What is the remainder when 85 is divided by 9?
4
Calculate the remainder when 1398 is divided by 344.
22
What is the remainder when 200 is divided by 1?
0
Calculate the remainder when 106 is divided by 3.
1
Calculate the remainder when 460 is divided by 176.
108
What is the remainder when 10943 is divided by 55?
53
What is the remainder when 230 is divided by 60?
50
Calculate the remainder when 802 is divided by 49.
18
What is the remainder when 778 is divided by 5?
3
Calculate the remainder when 1407 is divided by 32.
31
Calculate the remainder when 97 is divided by 49.
48
What is the remainder when 497 is divided by 69?
14
Calculate the remainder when 163 is divided by 66.
31
What is the remainder when 148 is divided by 38?
34
What is the remainder when 296 is divided by 74?
0
What is the remainder when 2120 is divided by 21?
20
What is the remainder when 2931 is divided by 155?
141
Calculate the remainder when 334 is divided by 18.
10
What is the remainder when 2885 is divided by 9?
5
What is the remainder when 1008 is divided by 333?
9
What is the remainder when 54 is divided by 30?
24
Calculate the remainder when 100 is divided by 21.
16
What is the remainder when 232 is divided by 84?
64
What is the remainder when 20 is divided by 9?
2
Calculate the remainder when 550 is divided by 68.
6
What is the remainder when 4480 is divided by 188?
156
What is the remainder when 999 is divided by 77?
75
What is the remainder when 481 is divided by 120?
1
What is the remainder when 106 is divided by 12?
10
What is the remainder when 21 is divided by 17?
4
Calculate the remainder when 499 is divided by 144.
67
Calculate the remainder when 222 is divided by 42.
12
Calculate the remainder when 208 is divided by 28.
12
What is the remainder when 94 is divided by 13?
3
What is the remainder when 202 is divided by 30?
22
What is the remainder when 1334 is divided by 96?
86
What is the remainder when 196 is divided by 177?
19
Calculate the remainder when 85 is divided by 48.
37
What is the remainder when 61 is divided by 33?
28
What is the remainder when 1042 is divided by 344?
10
Calculate the remainder when 8645 is divided by 66.
65
Calculate the remainder when 5539 is divided by 163.
160
What is the remainder when 285 is divided by 20?
5
What is the remainder when 130 is divided by 128?
2
What is the remainder when 1704 is divided by 483?
255
What is the remainder when 86 is divided by 31?
24
What is the remainder when 435 is divided by 115?
90
What is the remainder when 4168 is divided by 43?
40
Calculate the remainder when 18524 is divided by 32.
28
Calculate the remainder when 4009 is divided by 118.
115
Calculate the remainder when 15132 is divided by 161.
159
Calculate the remainder when 22501 is divided by 13.
11
Calculate the remainder when 1783 is divided by 33.
1
Calculate the remainder when 217 is divided by 43.
2
What is the remainder when 281 is divided by 47?
46
What is the remainder when 985 is divided by 187?
50
Calculate the remainder when 96 is divided by 26.
18
Calculate the remainder when 2515 is divided by 25.
15
What is the remainder when 601 is divided by 19?
12
What is the remainder when 162 is divided by 44?
30
Calculate the remainder when 122 is divided by 10.
2
What is the remainder when 80 is divided by 70?
10
What is the remainder when 86 is divided by 32?
22
Calculate the remainder when 257 is divided by 66.
59
What is the remainder when 66 is divided by 33?
0
Calculate the remainder when 108 is divided by 11.
9
What is the remainder when 2258 is divided by 45?
8
What is the remainder when 36 is divided by 22?
14
Calculate the remainder when 220 is divided by 41.
15
Calculate the remainder when 2459 is divided by 23.
21
What is the remainder when 173 is divided by 38?
21
Calculate the remainder when 1958 is divided by 33.
11
Calculate the remainder when 62 is divided by 21.
20
Calculate the remainder when 1371 is divided by 657.
57
Calculate the remainder when 64 is divided by 64.
0
What is the remainder when 956 is divided by 11?
10
Calculate the remainder when 228 is divided by 77.
74
Calculate the remainder when 303 is divided by 268.
35
Calculate the remainder when 2213 is divided by 8.
5
What is the remainder when 113 is divided by 22?
3
What is the remainder when 219 is divided by 46?
35
What is the remainder when 7635 is divided by 20?
15
Calculate the remainder when 62 is divided by 43.
19
Calculate the remainder when 16 is divided by 7.
2
Calculate the remainder when 226 is divided by 37.
4
What is the remainder when 436 is divided by 35?
16
What is the remainder when 5012 is divided by 74?
54
What is the remainder when 2413 is divided by 398?
25
Calculate the remainder when 231 is divided by 53.
19
What is the remainder when 427 is divided by 110?
97
Calculate the remainder when 108 is divided by 43.
22
Calculate the remainder when 1986 is divided by 91.
75
What is the remainder when 705 is divided by 232?
9
Calculate the remainder when 1400 is divided by 44.
36
Calculate the remainder when 165 is divided by 80.
5
What is the remainder when 3415 is divided by 114?
109
Calculate the remainder when 278 is divided by 199.
79
What is the remainder when 770 is divided by 131?
115
Calculate the remainder when 514 is divided by 43.
41
Calculate the remainder when 570 is divided by 44.
42
Calculate the remainder when 2386 is divided by 1190.
6
Calculate the remainder when 344 is divided by 118.
108
Calculate the remainder when 241 is divided by 78.
7
Calculate the remainder when 32 is divided by 18.
14
Calculate the remainder when 167 is divided by 165.
2
Calculate the remainder when 928 is divided by 15.
13
Calculate the remainder when 97 is divided by 10.
7
What is the remainder when 74 is divided by 13?
9
What is the remainder when 57 is divided by 26?
5
What is the remainder when 293 is divided by 42?
41
What is the remainder when 681 is divided by 38?
35
Calculate the remainder when 7809 is divided by 63.
60
What is the remainder when 208 is divided by 104?
0
What is the remainder when 263 is divided by 42?
11
Calculate the remainder when 377 is divided by 244.
133
Calculate the remainder when 1683 is divided by 248.
195
Calculate the remainder when 408 is divided by 203.
2
Calculate the remainder when 74 is divided by 8.
2
Calculate the remainder when 648 is divided by 179.
111
Calculate the remainder when 309 is divided by 292.
17
What is the remainder when 193 is divided by 65?
63
Calculate the remainder when 528 is divided by 161.
45
What is the remainder when 4759 is divided by 16?
7
What is the remainder when 3533 is divided by 38?
37
Calculate the remainder when 1889 is divided by 940.
9
Calculate the remainder when 738 is divided by 199.
141
What is the remainder when 140 is divided by 37?
29
What is the remainder when 127 is divided by 28?
15
Calculate the remainder when 943 is divided by 77.
19
Calculate the remainder when 9 is divided by 5.
4
Calculate the remainder when 965 is divided by 137.
6
What is the remainder when 470 is divided by 60?
50
What is the remainder when 6063 is divided by 289?
283
Calculate the remainder when 4414 is divided by 69.
67
Calculate the remainder when 2141 is divided by 308.
293
Calculate the remainder when 69 is divided by 47.
22
What is the remainder when 5697 is divided by 105?
27
What is the remainder when 218 is divided by 16?
10
What is the remainder when 8378 is divided by 57?
56
What is the remainder when 179 is divided by 4?
3
Calculate the remainder when 927 is divided by 26.
17
What is the remainder when 1634 is divided by 117?
113
Calculate the remainder when 134 is divided by 108.
26
Calculate the remainder when 854 is divided by 1.
0
Calculate the remainder when 177 is divided by 90.
87
What is the remainder when 932 is divided by 305?
17
What